{"id":49,"date":"2025-02-18T19:00:47","date_gmt":"2025-02-18T22:00:47","guid":{"rendered":"https:\/\/sanlimadigital.com.br\/autoatendimento\/?post_type=product&#038;p=49"},"modified":"2025-02-18T19:20:06","modified_gmt":"2025-02-18T22:20:06","slug":"mini-air-dots-sem-fio-colorido","status":"publish","type":"product","link":"https:\/\/sanlimadigital.com.br\/autoatendimento\/product\/mini-air-dots-sem-fio-colorido\/","title":{"rendered":"Mini Air Dots sem fio colorido"},"content":{"rendered":"<p>Caro comprador:<\/p>\n<p>Ao comprar este fone de ouvido bluetooth, leia as seguintes instru\u00e7\u00f5es: devido ao transporte a longo prazo, a pot\u00eancia do tws ficar\u00e1 esgotada. Voc\u00ea n\u00e3o poder\u00e1 usar o fone de ouvido quando receber o pacote. Pode ser desligado. A primeira coisa a fazer \u00e9 carregar a caixa do fone de ouvido por 30 minutos. Muito importante. Obrigado!<\/p>\n<p>Nota: este produto n\u00e3o tem uma caixa de embalagem de varejo! ! !<\/p>\n<p>M\u00e9todo de uso mini2:<\/p>\n<p>1. abra a tampa para retirar os fones de ouvido<\/p>\n<p>2. pressione longamente o bot\u00e3o de 2 fones de ouvido por 3 segundos ao mesmo tempo<\/p>\n<p>3. quando apenas um fone de ouvido lateral piscar, abra o bluetooth do telefone<\/p>\n<p>4. escolha \u201dmini-2\u201d para conectar, ent\u00e3o ele \u00e9 emparelhado<\/p>\n<p>Ligar\/desligar: Pressione longamente o bot\u00e3o de 2 fones de ouvido por 3 segundos ao mesmo tempo<br \/>\nReproduzir\/pausar: Em qualquer lado dos fones de ouvido, clique uma vez<br \/>\nAtender\/desligar: Em qualquer lado dos fones de ouvido clique 1 vez<br \/>\nPr\u00f3xima m\u00fasica: Em qualquer lado dos fones de ouvido pressione por 3 segundos.<\/p>\n<p>Caracter\u00edsticas:<\/p>\n<p>Modle: mini-2 tws<\/p>\n<p>Vers\u00e3o bluetooth: bluetooth 5.0<\/p>\n<p>Dist\u00e2ncia de transmiss\u00e3o: dist\u00e2ncia de linha reta ao ar livre 10-15 metros<\/p>\n<p>Capacidade da bateria: bateria de pol\u00edmero de l\u00edtio<\/p>\n<p>Fun\u00e7\u00e3o: carregamento r\u00e1pido, chamada hd<\/p>\n<p>Ouvir m\u00fasica: cerca de 2 horas<\/p>\n<p>Hor\u00e1rio da chamada: cerca de 2.5 horas<\/p>\n<p>Tempo de espera: 130 horas<\/p>\n<p>Tempo de carregamento: 1-2 horas<\/p>\n<p>Lista de acess\u00f3rios:<\/p>\n<p>2 x fones de ouvido bluetooth tws (fones de ouvido esquerdo e direito)<\/p>\n<p>1 x caixa de carregamento<\/p>\n<p>1 x cabo de carregamento usb<\/p>\n<p>1 x manual do usu\u00e1rio<\/p>\n","protected":false},"excerpt":{"rendered":"<p>Caro comprador: Ao comprar este fone de ouvido bluetooth, leia as seguintes instru\u00e7\u00f5es: devido ao transporte a longo prazo, a pot\u00eancia do tws ficar\u00e1 esgotada. Voc\u00ea n\u00e3o poder\u00e1 usar o fone de ouvido quando receber o pacote. Pode ser desligado. A primeira coisa a fazer \u00e9 carregar a caixa do fone de ouvido por 30 [&hellip;]<\/p>\n","protected":false},"featured_media":33,"comment_status":"open","ping_status":"closed","template":"","meta":[],"product_brand":[],"product_cat":[17],"product_tag":[],"class_list":{"0":"post-49","1":"product","2":"type-product","3":"status-publish","4":"has-post-thumbnail","6":"product_cat-fones-de-ouvido","8":"first","9":"instock","10":"sale","11":"shipping-taxable","12":"purchasable","13":"product-type-variable"},"_links":{"self":[{"href":"https:\/\/sanlimadigital.com.br\/autoatendimento\/wp-json\/wp\/v2\/product\/49","targetHints":{"allow":["GET"]}}],"collection":[{"href":"https:\/\/sanlimadigital.com.br\/autoatendimento\/wp-json\/wp\/v2\/product"}],"about":[{"href":"https:\/\/sanlimadigital.com.br\/autoatendimento\/wp-json\/wp\/v2\/types\/product"}],"replies":[{"embeddable":true,"href":"https:\/\/sanlimadigital.com.br\/autoatendimento\/wp-json\/wp\/v2\/comments?post=49"}],"wp:featuredmedia":[{"embeddable":true,"href":"https:\/\/sanlimadigital.com.br\/autoatendimento\/wp-json\/wp\/v2\/media\/33"}],"wp:attachment":[{"href":"https:\/\/sanlimadigital.com.br\/autoatendimento\/wp-json\/wp\/v2\/media?parent=49"}],"wp:term":[{"taxonomy":"product_brand","embeddable":true,"href":"https:\/\/sanlimadigital.com.br\/autoatendimento\/wp-json\/wp\/v2\/product_brand?post=49"},{"taxonomy":"product_cat","embeddable":true,"href":"https:\/\/sanlimadigital.com.br\/autoatendimento\/wp-json\/wp\/v2\/product_cat?post=49"},{"taxonomy":"product_tag","embeddable":true,"href":"https:\/\/sanlimadigital.com.br\/autoatendimento\/wp-json\/wp\/v2\/product_tag?post=49"}],"curies":[{"name":"wp","href":"https:\/\/api.w.org\/{rel}","templated":true}]}}