{"id":83,"date":"2025-02-18T19:39:37","date_gmt":"2025-02-18T22:39:37","guid":{"rendered":"https:\/\/sanlimadigital.com.br\/autoatendimento\/?post_type=product&#038;p=83"},"modified":"2025-02-18T19:43:47","modified_gmt":"2025-02-18T22:43:47","slug":"fone-de-ouvido-gamer-com-fio","status":"publish","type":"product","link":"https:\/\/sanlimadigital.com.br\/autoatendimento\/product\/fone-de-ouvido-gamer-com-fio\/","title":{"rendered":"Fone de ouvido Gamer com fio"},"content":{"rendered":"<p>Os modelos G4000 com op\u00e7\u00f5es de n\u00facleos est\u00e3o sujeitos a imagens, n\u00e3o palavras<\/p>\n<p>Presente gr\u00e1tis: adaptador * 1<br \/>\nTodos os fones de ouvido v\u00eam com um [adaptador]:<br \/>\nAdequado para uso em PS4 \/ PC \/ laptop \/ tablet \/ telefone<br \/>\nP: O que \u00e9 diferente de G2000 G4000 e G9000?<br \/>\nR: A apar\u00eancia deles \u00e9 diferente \uff0c G2000 \/ G4000 tem 3 conectores (um USB \u00e9 para conector de energia retroiluminado, um para microfone, um para sons), G2000 \u00e9 melhor do que G4000. G9000 \u00e9 2 conectores (um USB \u00e9 para conector de energia retroiluminado, um para microfone + sons)<br \/>\nAten\u00e7\u00e3o, por favor:<br \/>\nA fun\u00e7\u00e3o de luz LED s\u00f3 funciona quando voc\u00ea usa o plugue USB do fone de ouvido! Portanto, se o PS4 n\u00e3o tiver plug USB, quando voc\u00ea usar o fone de ouvido no PS4, ele n\u00e3o acender\u00e1!<\/p>\n<p>n\u00f3s apoiamos o droping shipping<br \/>\nComo conectar ao PS4\u2756<br \/>\n1. Insira o conector de 3,5 mm do fone de ouvido no gamepad<br \/>\n2. Entre nas configura\u00e7\u00f5es do sistema pressionando longamente o bot\u00e3o PS4<br \/>\n3. Escolha \u201cM\u00c1QUINAS PERIF\u00c9RICAS\u201d, \u201cAJUSTAR SOM E DISPOSITIVOS\u201d, \u201cSa\u00edda para os fones de ouvido\u201d e altere para \u201cTodo o \u00e1udio\u201d<\/p>\n<p>Nota: pacote n\u00e3o embalar com caixa, se voc\u00ea precisar de uma caixa, entre em contato conosco para aumentar o frete<\/p>\n","protected":false},"excerpt":{"rendered":"<p>Os modelos G4000 com op\u00e7\u00f5es de n\u00facleos est\u00e3o sujeitos a imagens, n\u00e3o palavras Presente gr\u00e1tis: adaptador * 1 Todos os fones de ouvido v\u00eam com um [adaptador]: Adequado para uso em PS4 \/ PC \/ laptop \/ tablet \/ telefone P: O que \u00e9 diferente de G2000 G4000 e G9000? R: A apar\u00eancia deles \u00e9 [&hellip;]<\/p>\n","protected":false},"featured_media":93,"comment_status":"open","ping_status":"closed","template":"","meta":[],"product_brand":[],"product_cat":[17],"product_tag":[],"class_list":{"0":"post-83","1":"product","2":"type-product","3":"status-publish","4":"has-post-thumbnail","6":"product_cat-fones-de-ouvido","8":"first","9":"instock","10":"sale","11":"shipping-taxable","12":"purchasable","13":"product-type-variable"},"_links":{"self":[{"href":"https:\/\/sanlimadigital.com.br\/autoatendimento\/wp-json\/wp\/v2\/product\/83","targetHints":{"allow":["GET"]}}],"collection":[{"href":"https:\/\/sanlimadigital.com.br\/autoatendimento\/wp-json\/wp\/v2\/product"}],"about":[{"href":"https:\/\/sanlimadigital.com.br\/autoatendimento\/wp-json\/wp\/v2\/types\/product"}],"replies":[{"embeddable":true,"href":"https:\/\/sanlimadigital.com.br\/autoatendimento\/wp-json\/wp\/v2\/comments?post=83"}],"wp:featuredmedia":[{"embeddable":true,"href":"https:\/\/sanlimadigital.com.br\/autoatendimento\/wp-json\/wp\/v2\/media\/93"}],"wp:attachment":[{"href":"https:\/\/sanlimadigital.com.br\/autoatendimento\/wp-json\/wp\/v2\/media?parent=83"}],"wp:term":[{"taxonomy":"product_brand","embeddable":true,"href":"https:\/\/sanlimadigital.com.br\/autoatendimento\/wp-json\/wp\/v2\/product_brand?post=83"},{"taxonomy":"product_cat","embeddable":true,"href":"https:\/\/sanlimadigital.com.br\/autoatendimento\/wp-json\/wp\/v2\/product_cat?post=83"},{"taxonomy":"product_tag","embeddable":true,"href":"https:\/\/sanlimadigital.com.br\/autoatendimento\/wp-json\/wp\/v2\/product_tag?post=83"}],"curies":[{"name":"wp","href":"https:\/\/api.w.org\/{rel}","templated":true}]}}